alse
Suppose 0 = -4*x - 12, -3*a - 4*x + 2*x + 1077 = 0. Let d = 85 + a. Is d composite?
True
Let r = 5445 + 20494. Is r composite?
False
Let i = 4 + 0. Let w = -3300 + 5683. Suppose -2375 = -5*j + i*a - 9*a, -5*j - 3*a = -w. Is j composite?
False
Suppose -192*t + 187*t = -1185. Is t a prime number?
False
Suppose -p + 1670 = 5*s - 0*p, -1685 = -5*s - 4*p. Suppose -3*w + 170 = n, -5*w - 47 = 3*n - s. Let j = 135 - w. Is j composite?
False
Let v be 0 - 2/4*-4. Let p(o) = 184*o**2 - 3*o. Let g be p(v). Suppose -5*z + g = -5*q, 5*z = -0*z + 4*q + 733. Is z a composite number?
False
Let w = -23 - -15. Let b(j) = 2*j**3 + 13*j**2 + 10*j - 1. Let f be b(w). Let y = -11 - f. Is y a prime number?
False
Suppose c = 229 + 197. Suppose -2*b + 394 = 2*m - c, -4*b = -2*m - 1634. Is b prime?
True
Let b(n) = -4*n - 10. Let k be b(-3). Let o(x) = 23*x**k + 5*x**2 + 8*x + 11 - 6*x**2 + 12*x**2. Is o(-5) prime?
True
Suppose 0 = u - 3*u. Let f = -92 + 98. Suppose u = -4*s + f*s - 44. Is s a prime number?
False
Let j(s) be the third derivative of s**5/60 + 67*s**3/6 - 7*s**2. Suppose 3*o - 3 = a + 2*a, 4*o - 2*a = 2. Is j(o) composite?
False
Suppose 2*y = 5*f - 28, 5*f - 12 = y - 3*y. Suppose j - 232 = -5*n, -f*j = 4*n + 180 - 1188. Suppose -j = -g + 632. Is g composite?
True
Let d = 508 - 231. Suppose 6*v - d = 5*v. Is v prime?
True
Let p be 1/(-2) + (-1 - (-70755)/10). Let k = p - 5023. Is k a composite number?
True
Let c(z) = 60*z**3 - 7*z**2 + 9*z - 39. Is c(5) a prime number?
True
Let t = 2506 + -1032. Suppose -a + 2*q = -39 - t, -3*q = 4*a - 6019. Is a composite?
True
Suppose 528 = g - 5*h, 0 = 5*g - 5*h - 743 - 1957. Is g a composite number?
True
Let f(n) = -n - 2. Let i be f(10). Let h = i - -12. Suppose 5*j + m - 154 = -h*m, -4*m = 3*j - 89. Is j a composite number?
False
Let i(r) = 32*r**2 + 5*r - 6. Let x be i(4). Suppose -2*f + 2*a = -7*f + 2155, 2170 = 5*f + 5*a. Let p = x + f. Is p composite?
True
Is (-8035)/(-2)*(-16 - -18) prime?
False
Let c be (-2)/8 + (-130)/(-40) + 25. Suppose 0 = -p + 156 - 27. Let n = c + p. Is n a prime number?
True
Let k = 471 - 434. Is k composite?
False
Suppose -4*f + 3*t = -15, 0*f + 4*t = -2*f + 2. Suppose 0 = -5*q - 4*u + 591, -2*u = f*q + u - 354. Is q composite?
True
Let g(d) be the first derivative of 19*d**5/60 + d**4/12 - d**3/2 - 3*d**2/2 + 1. Let s(j) be the second derivative of g(j). Is s(2) prime?
False
Is (2/(-8))/((-2)/71992) composite?
False
Suppose 0*n + 2*l = n + 2, -4*n - l + 37 = 0. Let k be 2/(n + -2)*111. Suppose j - 12 = k. Is j a prime number?
False
Is (6/12)/(3*5/887430) prime?
True
Let s = -7324 + 10547. Is s a prime number?
False
Suppose 455 + 581 = 14*y. Let b = y + 8. Is b a prime number?
False
Let k(w) = w**3 - 11*w**2 + 15. Let m be k(17). Suppose -m = -5*q + 41. Is q a prime number?
False
Let p(a) = -164*a**3 + 6*a**2. Let j be p(4). Let b be j/(-15) - (-6)/9. Let o = b + -443. Is o composite?
False
Let c be (0 - -6)*1 + -1. Let q be (-4 + (c - 2))*-24. Suppose 2*z + 4 - q = 0. Is z a composite number?
True
Let g = -22 - -24. Let i(q) = 17*q**3 - 2*q**2 - 2*q + 3. Is i(g) a composite number?
False
Let o(h) = -h**2 + 2*h + 7. Let y be o(4). Is (-1 - (4 + y)) + 1217 prime?
True
Let m(t) = 2*t**3 - 15*t**2 + 8*t + 14. Let f be m(21). Suppose 9*z - f = 16918. Is z composite?
True
Suppose 38*u - 219954 - 422132 = 0. Is u prime?
False
Suppose 0*j + 4*j - 8 = 0. Suppose -29 - 1261 = -6*y. Suppose 0 = -0*o - o + l + y, 2*o = -j*l + 438. Is o composite?
True
Suppose -579 = -5*g + 4511. Let p = g - -133. Is p a composite number?
False
Let z(s) = 108*s**3 + s - 1. Let x be z(1). Suppose 0*d + x = d. Suppose -g = 2*r - d, -4*r = 3*g - 2*g - 218. Is r a composite number?
True
Let x(m) = 3*m**3 - 12*m**2 - 18*m - 6. Let z(g) = 10*g**3 - 35*g**2 - 54*g - 17. Let n(v) = -7*x(v) + 2*z(v). Is n(13) a composite number?
True
Suppose 297002 = 27*x - 287629. Is x a prime number?
False
Let b be (36/24)/(3/8). Suppose b = 3*z + 13. Let h(t) = -30*t - 1. Is h(z) prime?
True
Let k = -32636 - -51078. Is k prime?
False
Is ((-6475722)/66)/(1/(-1)*1) composite?
True
Let u(y) = -y + 7. Let k(m) = 2*m - 14. Let c(g) = 6*k(g) + 10*u(g). Let p be c(7). Suppose 5*x + 4*q - 1071 = p, 3*x + x = -2*q + 852. Is x composite?
False
Suppose -5*x = 3*y - 92617, -23719 = -4*y + 4*x + 99749. Is y a prime number?
True
Suppose -54170 = -5*k - 36*a + 39*a, -3*k = -5*a - 32518. Is k composite?
False
Let a(x) = x + 12. Let z be a(-10). Suppose o - 717 = -z*o. Is o a prime number?
True
Suppose 2331 = 3*j + 5*b + 949, 0 = b + 5. Is j composite?
True
Suppose 3*a - 2*w = 2027, -3*w + 843 = 5*a - 2510. Is a a composite number?
False
Suppose b + 3*g - 2 = 0, 4 = -0*b + 2*b - 2*g. Suppose -5*q = -b*a - a - 20300, -2*a - 4053 = -q. Is q a composite number?
True
Let s(u) = 2*u**2 + 16*u + 12. Let w be s(-7). Suppose 0 = -0*o - 3*o + 36. Is 2526/o - w/4 composite?
False
Let t(v) = -52*v - 27. Let l(c) = 51*c + 28. Let r(m) = -3*l(m) - 4*t(m). Is r(7) prime?
True
Let c(w) = 20*w**2 - w**2 + 4 + 52*w**2 - 15*w + 45*w. Is c(-9) prime?
False
Suppose 56 = -9*r + 5*r. Let g be (-8)/r*35/10. Suppose g*o - 407 = o. Is o a composite number?
True
Suppose 4*a = -4*r - 0*a, -r - 1 = 2*a. Let k(o) = 2*o. Let c be k(-1). Is (c*r)/(20/(-910)) a prime number?
False
Let f(k) = 5*k**3 - 16*k**2 - 5*k + 6. Let g(b) = -4*b**3 + 16*b**2 + 4*b - 7. Let p(c) = -3*f(c) - 4*g(c). Let w be p(16). Is (669/w)/(2/(-4)) prime?
True
Suppose 2*u - 6 = 0, 4*f + 27 = -u + 6*u. Is (-4 - (-30)/12)*422/f composite?
False
Let o = 52 + -28. Let f be (-16)/o + 434/3. Let m = 47 + f. Is m composite?
False
Let q(r) be the second derivative of 19*r**3/2 + 11*r**2 - 13*r. Is q(11) a composite number?
True
Let t(w) = 1 + 4*w + w**2 + w**2 - 3*w + 2*w**2. Let y be t(-2). Is y - (2 + -2 + 4) a prime number?
True
Suppose 7*q + 30 = 12*q. Let a(w) = w**2 + 3*w - 4. Let g be a(q). Suppose 19 = r - g. Is r composite?
True
Suppose -o - 122 - 43 = -5*c, 4*o = 5*c - 150. Is 17456/30 + 1 + c/255 prime?
False
Suppose 5*k + 5*f - 55 = 0, 0*k + f + 13 = 3*k. Suppose 0 = k*o - 3717 - 1617. Is o prime?
False
Let i = 12701 - 8695. Is i prime?
False
Is 2 + 2/(-6) + 5358/9 composite?
True
Suppose 4*g = -4*c + 660, -4*g + c - 59 = -729. Is g prime?
True
Suppose 3*s = 3*x + 42, -24 = -s + 4*x + 5. Let g(r) = 15*r - 26. Is g(s) composite?
False
Let f be (-325)/((1 - -3)/(-976)). Is 4/18 + f/36 a prime number?
True
Is (50655/(-30) - 5)*(-58)/3 a composite number?
True
Let f = -17 + 27. Suppose f = -5*s, 4*u + s - 4*s = -22. Let o(h) = 5*h**2 + 8*h - 2. Is o(u) a composite number?
True
Let k(v) be the first derivative of 59*v**4 + 3/2*v**2 - v + 7 - v**3. Is k(1) composite?
True
Suppose 4*o = -2*o + 120. Suppose o = -c + 285. Is c prime?
False
Suppose 241*h = 244*h - 19407. Is h prime?
True
Let i be 1534/39*(-2 - 1). Let d = i + 383. Is d a composite number?
True
Suppose -726 = -10*u + 2584. Is u prime?
True
Suppose 0 = 4*w - 14250 - 26186. Is w composite?
True
Let k(g) = -g + 29. Let q be k(27). Suppose q*x + h - 2437 = 0, -2*h - 5 = 3*h. Is x a composite number?
True
Let i(n) = -n**3 - 12*n**2 - 11*n - 11. Is i(-30) a prime number?
True
Let f = 0 - -6. Suppose -5*i = 4*h + 6016, -f*h - 2*i = -2*h + 6028. Let p = h - -2194. Is p a composite number?
True
Let w = 52 + -33. Is ((4 - 3) + 0)*w a composite number?
False
Let j = 107 + 15. Suppose d = -22*x + 19*x + 458, -d + 3*x + 464 = 0. Let v = d - j. Is v composite?
True
Suppose -4*t = -4*z - 43308, -t = -8*z + 4*z - 10839. Is t prime?
False
Let n = 32 - 11. Is n a prime number?
False
Suppose 5*r - 5874 - 9445 = 3*u, 2*u - 6134 = -2*r. Is r a prime number?
False
Suppose 0 = -11*v + 145437 + 633616. Is v prime?
True
Let m(z) = 6*z**2 - 23*z - 14. Is m(7) prime?
False
Let q(r) = 3*r + 5. Let p be q(0). Suppose -1416 = -4*z + y, -p*z - 3*y + 1445 + 342 = 0. Is z a prime number?
False
Let j = 7744 - 4444. Suppose 0 = -2*p + z + j, -2*z = -5 + 1. Is p a composite number?
True
Suppose -4*y = -44 + 112. Let z = -10 - y. Suppose 0 = -z*u + 2*u + 1065. Is u a composite number?
True
Let z(q) = -2*q**3 - 15*q**2 + 2*q - 2. Is z(-19) composite?
False
Suppose -3 = -3*t + 9. Suppose 0 = -4*x - 5*s + 8, t*s - 18 = 2*x + s. Is (5 - 8)*14/x a composite number?
True
Suppose 3699 = 